st the prime factors of g.
19
Let r = 427 + -224. List the prime factors of r.
7, 29
Let p be ((-10)/6 - -1)*-3. Suppose p*c + 10 = 0, 2*i = i - c + 5. What are the prime factors of i?
2, 5
Suppose 11 = x - 21. List the prime factors of x.
2
Let j(p) = -p**3 - 5*p**2 + 11*p - 11. What are the prime factors of j(-7)?
2, 5
Suppose 0*b = -b - 13. Let i = b - -21. Suppose 0 = 4*o - 2*l - 42 - i, -3*l = 4*o - 35. What are the prime factors of o?
11
Let y(l) = 3*l - 8. Let w(k) = -5*k + 17. Let g(q) = 2*w(q) + 5*y(q). Let u(m) = 4*m - 7. Let z(b) = 3*g(b) - 4*u(b). What are the prime factors of z(0)?
2, 5
Let r = -7 + 11. Let v = 2 - 19. List the prime factors of r/(-10) - v/5.
3
Suppose -a - 3*a + 20 = 0. Suppose 0*g + 2*g - d = 14, 0 = 3*g + 5*d + a. Suppose 3*j + 54 = 3*v, -g*v + 0*j = 3*j - 50. List the prime factors of v.
13
Let k be (-10)/(-4) + 2/(-4). Suppose k*g + 9 = -g. Let a = g + 12. List the prime factors of a.
3
Let y be (-5)/((-10)/4) + -3. List the prime factors of (-2 - -15) + y + 2.
2, 7
Suppose -493 + 175 = -6*z. List the prime factors of z.
53
Suppose 0 = -3*u + 114 - 42. What are the prime factors of u?
2, 3
Suppose -3*g - 3*p - 169 = -5*p, p - 56 = g. List the prime factors of 4/(-6)*g + -2.
2, 3
Let m = -2 + 2. Suppose 0*c - 2*w - 40 = -3*c, m = -5*c + 2*w + 64. List the prime factors of c.
2, 3
Suppose x = -2*d + 33, -4*d + 76 = d - 4*x. List the prime factors of d.
2
Let z(h) = 6*h. Let x be z(4). What are the prime factors of x/5 - 3/(-15)?
5
Let l(b) = -b**2 + 9*b - 10. List the prime factors of l(6).
2
Let q be 2/(-11) - (-138)/33. Suppose 1 = 2*z - q*r - 19, -2*z - 4*r + 4 = 0. List the prime factors of z.
2, 3
Let a be 0 - (-6)/((-2)/(-1)). Suppose 0*g = -s + 3*g, g + a = 0. Let y(i) = -i**3 - 9*i**2 + 2. What are the prime factors of y(s)?
2
Suppose 2*i + 2*i = -5*l, 21 = 4*l - i. Suppose 2*u = 4*n - 120, 0*u = -l*n - 2*u + 112. What are the prime factors of n?
29
Suppose 0 = -10*j + 12*j - 340. What are the prime factors of j?
2, 5, 17
Suppose -4*q + 202 + 205 = -x, -2*q + 2*x + 202 = 0. What are the prime factors of q?
2, 3, 17
Suppose -2*y + 168 = -4*i, i + i + 388 = 5*y. What are the prime factors of y?
2, 19
Let b = 6 - 2. Suppose 4*l - 5*z - 76 = 0, 0 = -b*l - z + 2*z + 60. What are the prime factors of l?
2, 7
Let x = -50 - -92. Suppose 6*z - x = 3*z - 3*i, 0 = -3*i - 6. List the prime factors of z.
2
Suppose 0 = -r - 3*r. Let i(m) = -m + 2. Let u be i(0). Suppose r = -u*j + 4*j - 14. List the prime factors of j.
7
Suppose -3*j = 9 + 6. Let c = 5 + j. Suppose 2*a - 4 - 8 = c. What are the prime factors of a?
2, 3
Suppose -3*j + 12 = 0, 0 = -3*z + 5*j - 10 - 1. Suppose 3*v - 42 = -z*d, d + 1 = -3*v + 19. List the prime factors of d.
2, 3
Let h(m) = m**3 + 24*m**2 - 9*m - 51. List the prime factors of h(-24).
3, 5, 11
Let a(r) = 22*r - 13. What are the prime factors of a(4)?
3, 5
Let s(c) = -c**2 - 6*c - 2. Suppose 0*n = -2*n - 10. What are the prime factors of s(n)?
3
Let l be 66/4*16/12. Suppose -l = 4*u - 54. What are the prime factors of u?
2
List the prime factors of (-5 + 4)/((-3)/48).
2
Let l = 45 - 12. What are the prime factors of (1 - -1)*l/6?
11
Let w = -59 - -108. Let t = 94 - w. Suppose -57 = -4*y + 4*q - 9*q, 3*y + 3*q = t. What are the prime factors of y?
2, 3
List the prime factors of (16/10)/((-10)/(-25)).
2
Let k = 3 - -4. List the prime factors of k.
7
Suppose -g - 4 = -3*g. Suppose 0 = f + g*f + 2*d + 45, 0 = -5*f - 3*d - 75. Let s = -11 - f. List the prime factors of s.
2
Let h = -3 + 5. Let y = h + 2. What are the prime factors of y?
2
Suppose 0 = j + j + 12. Let n = j + 7. What are the prime factors of 33/(-3 - -6)*n?
11
Suppose 3*s - 2*s - 23 = 0. What are the prime factors of s?
23
Suppose 6 = -3*q, -q = -l - 0*l + 8. Let o(m) = -m**3 + m**2 - m. Let x be o(0). Suppose 2*v + v - l = x. List the prime factors of v.
2
List the prime factors of (-10)/(-65) + 3 + (-1920)/(-26).
7, 11
Suppose x - 5*x = 12. Let d = x + 5. Suppose 3*n - 5 = d*n. What are the prime factors of n?
5
Suppose -63 - 432 = 5*x. Let i = 144 + x. Suppose 0 = -3*d - 0*p - 3*p + i, -4*d + 5*p + 78 = 0. What are the prime factors of d?
17
Let o(f) = -1 - f + 15 + 0. Let q(i) = i**2 - 5*i + 7. Let y be q(5). List the prime factors of o(y).
7
Let y(g) = -g**3 + 2*g**2 - 2 - 2*g**2 + g**2 + 0*g**3. What are the prime factors of y(-2)?
2, 5
Suppose 0 = -5*m + 337 + 963. List the prime factors of m.
2, 5, 13
Suppose 2*p + 3*p = 290. List the prime factors of p.
2, 29
Let o be (-3)/6 + (-153)/(-6). Let i = o + -10. What are the prime factors of i?
3, 5
Let w(m) = 13 - 8*m + m**3 + 11*m**2 + 4*m + 14*m. List the prime factors of w(-10).
13
Let x(w) = 2*w + 16. What are the prime factors of x(7)?
2, 3, 5
Suppose -4*x + 28 = 2*s, s = 3*s + 5*x - 33. Let o(r) = -6*r - 9. Let i(q) = 9*q + 14. Let d(y) = -5*i(y) - 8*o(y). What are the prime factors of d(s)?
2, 7
List the prime factors of 46 + (-4)/(-3 + 4).
2, 3, 7
Let h = -2 - 0. What are the prime factors of h + 0 - (1 - 19)?
2
Suppose 5*u + 5*p - 345 = 0, u - 3*u + 138 = 5*p. Suppose d = 8 + u. List the prime factors of 140/d + (-4)/(-22).
2
Let m = -21 + 51. Let b = m - 16. What are the prime factors of b?
2, 7
Let y be (0 + 1 + -1)/1. Let l = y + 4. Suppose 0 = l*s + 3*w - 33, 5*w + 2 - 6 = -s. What are the prime factors of s?
3
Suppose -3 = -4*g - y, -4*y - 14 = -3*g + 6*g. Suppose h + 0*h = -g*s + 4, 10 = 5*s + 3*h. List the prime factors of -2*2*(-3 - s).
2, 5
Let l(o) = -3*o + 2. Let k be l(4). Let g(j) = 2*j**2 + 14*j - 7. List the prime factors of g(k).
53
Let v = -7 + 18. Let z = 34 - v. Suppose -5*y = -z - 12. What are the prime factors of y?
7
Suppose 0 = 2*h - 88 - 12. List the prime factors of h.
2, 5
Let m = 433 + -309. What are the prime factors of m?
2, 31
Suppose 5*l + 3*f - 481 = 26, 5*l + 4*f = 506. List the prime factors of l.
2, 3, 17
List the prime factors of -5 + 999/(-4 - -7).
2, 41
Let k(c) = 18*c**2 + 3*c + 1. What are the prime factors of k(-3)?
2, 7, 11
Suppose 0*j - 4*p + 118 = 3*j, -4*j = 3*p - 155. List the prime factors of j.
2, 19
Let o be (-22)/(-4) + (-1)/2. Let p = o + 0. List the prime factors of p.
5
Let c(o) = 2*o**2 + 3*o + 4. Let m be c(-4). Suppose 5*y - m - 41 = 0. What are the prime factors of y?
13
Suppose 4*c - i = 4*i + 514, 3*c + i - 376 = 0. What are the prime factors of c?
2, 3, 7
List the prime factors of (((-834)/(-15))/(5/25))/2.
139
Suppose -3*v - 5*w + 29 = 0, 19 = v - 0*v + 4*w. Let d = v + -1. Let h = d - -8. List the prime factors of h.
2, 5
Suppose 2*i - 36 = 48. Suppose 7*r - 217 + i = 0. List the prime factors of r.
5
Suppose 5*r = -2*d + 4*d + 347, 0 = 2*r + 3*d - 135. What are the prime factors of r/(9/3) - 1?
2, 11
Suppose -4*l + 5*l - 2 = 0. Suppose -l*i + 108 = 2*i. What are the prime factors of i?
3
Suppose -4*v + 6*y = y - 51, -5*y = -25. List the prime factors of v.
19
Suppose -31*o = -26*o - 270. What are the prime factors of o?
2, 3
Let r = -7 + 9. Suppose -3*x + 33 = -r*x. List the prime factors of x.
3, 11
Let y = -9 - -8. List the prime factors of ((-5)/(-5))/(y/(-17)).
17
List the prime factors of (-122)/(-8) - 9/(-12).
2
Let l = 210 - 90. What are the prime factors of (l/(-36))/((-2)/12)?
2, 5
Let k(a) = -a + 7. Let q be k(5). Suppose 4 = q*z - 0. List the prime factors of (-4)/((-3)/15*z).
2, 5
Let j = -31 + -2. Let g = 60 + j. List the prime factors of g.
3
Let f = 40 + -21. Let v = -11 + f. What are the prime factors of v?
2
Let f be ((-4)/(-6))/(1/3). Let w = 72 + -51. Suppose f*x - 5 = w. List the prime factors of x.
13
Let f be 8/(-40) - (-24)/(-5). Let k = -2 - f. What are the prime factors of k?
3
Let y be -1 + (-6)/(-3) + -5. Let i be (16/6)/(y/(-18)). What are the prime factors of (12/10)/(i/80)?
2
Suppose 0*k - 2*k = -22. Let g(s) = 10*s + 4. Let u(z) = 7*z + 3. Let i(y) = 5*g(y) - 7*u(y). What are the prime factors of i(k)?
2, 5
Suppose -q - 5*k = -2, 0*k = 3*q + 3*k - 6. What are the prime factors of q?
2
Suppose 0*u + 2*c = u - 3, 0 = -c - 3. Let p(g) = -g**3 - 2*g**2 + 2*g + 4. Let y be p(u). Let i = y + 4. List the prime factors of i.
11
Suppose 48 - 2 = 2*k. List the prime factors of k.
23
Let s(j) = -j**3 - 8*j**2 - 8*j + 16. Let m = 10 + -17. What are the prime factors of s(m)?
23
Let